etermine h(0).
1
Let i(d) = -d**3 - 6*d**2 + 4*d + 7. Give i(-6).
-17
Let y(p) = -5*p**2 + p - 25. What is y(5)?
-145
Let d(q) = -q**3 + 19*q**2 + 46*q - 93. Give d(21).
-9
Let k(p) = -p**3 + 9*p**2 - 11*p + 58. What is k(9)?
-41
Let j(u) = u**2 + 7*u - 8. What is j(-7)?
-8
Let j(p) = 67*p + 1. Determine j(0).
1
Let m(r) = -r. Calculate m(-4).
4
Let u(c) = 5*c - 20. What is u(6)?
10
Let d(c) = -c**2 - 16*c - 75. Give d(-5).
-20
Let v(f) = f**3 + 12*f**2 - 23*f + 11. Determine v(-14).
-59
Let i(v) = 3*v**3 + 2*v**2 - 2*v - 1. Determine i(-2).
-13
Let b(y) = 6*y + 87. What is b(-15)?
-3
Let a(c) = 8*c + 139. What is a(-21)?
-29
Let a(c) = -2*c - 49. Determine a(-25).
1
Let j(f) = f**3 + 23*f**2 + 42*f + 18. Give j(-21).
18
Let t(f) = -26*f**3 + f**2 - f. Calculate t(1).
-26
Let i(p) = 24*p**3 + 2*p**2 + 4*p + 1. Calculate i(-1).
-25
Let n(f) = f**3 + 6*f**2 + 2*f + 15. What is n(-6)?
3
Let a(u) = -u**2 + 7*u - 3. Calculate a(7).
-3
Let v(u) = -10*u + 2. Determine v(4).
-38
Let f(v) = -v**3 + 9*v**2 + 11*v - 16. Determine f(10).
-6
Let k(f) = f + 4. Determine k(-4).
0
Let y(d) = 10*d - 86. Determine y(8).
-6
Let j(x) = -x + 23. Give j(13).
10
Let s(d) = d - 8. Calculate s(6).
-2
Let y(m) = -2*m**2 - 8*m + 18. Calculate y(-6).
-6
Let p(w) = w**3 - 7*w - 4. Determine p(5).
86
Let d(b) = b**2 + b - 21. Give d(4).
-1
Let j(s) = -s**2 + 16*s - 28. Determine j(14).
0
Let h(y) = y**2 + 12*y + 15. Give h(-5).
-20
Let m(c) = c**2 - 16*c - 34. What is m(-2)?
2
Let n(p) = -3*p**2 - 2*p + 2. Give n(-3).
-19
Let y(q) = -3*q**2 - 2*q + 4. Give y(-2).
-4
Let k(c) = -17*c**3 - c**2 + 6*c - 4. Determine k(2).
-132
Let f(a) = -a**3 - 17*a**2 - 8*a - 33. Calculate f(-17).
103
Let j(w) = -58*w**2 + w - 1. Determine j(1).
-58
Let l(m) = 4*m**2 + m. Calculate l(-1).
3
Let g(x) = -x - 23. What is g(-24)?
1
Let i(z) = -z**3 + 8*z**2 + 2*z - 21. Calculate i(8).
-5
Let t(d) = -d + 8. Calculate t(5).
3
Let q(c) = -2*c - 11. Calculate q(5).
-21
Let d(h) = h**3 + 4*h**2 + 10*h + 26. Give d(-3).
5
Let m(g) = g**3 + 14*g**2 - 15*g - 2. Determine m(-15).
-2
Let t(k) = k**3 - 28*k**2 - 89*k - 27. Give t(31).
97
Let j(r) = r - 1. What is j(-3)?
-4
Let r(q) = -q - 14. Calculate r(-10).
-4
Let k(r) = -r**3 + 3*r**2 + 3*r + 1. What is k(4)?
-3
Let i(z) = z**3 + z**2 - z + 7. Determine i(0).
7
Let u(s) = 3*s**2 + s - 46. Determine u(0).
-46
Let p(x) = -x + 4. What is p(13)?
-9
Let j(m) = -m**2 - 7*m - 12. What is j(-5)?
-2
Let q(m) = 6*m + 78. Calculate q(-13).
0
Let z(k) = k**2 + 3*k + 10. Determine z(-7).
38
Let v(z) = -z**2 + 13*z - 1. Determine v(13).
-1
Let u(i) = 2*i + 15. Determine u(-9).
-3
Let x(k) = -k**3 - 8*k**2 + 5*k + 67. Give x(-8).
27
Let b(x) = 2*x**3 - 2*x + 2. Calculate b(2).
14
Let o(i) = 2*i + 55. Give o(0).
55
Let a(r) = -r**2 - 4*r + 1. Calculate a(-2).
5
Let z(c) = -6*c - 4. Calculate z(4).
-28
Let u(g) = -g + 7. Determine u(-5).
12
Let l(h) = -h - 41. What is l(-18)?
-23
Let i(d) = 2*d**2 - 28*d + 16. Determine i(14).
16
Let o(f) = -f**3 - 3*f - 1. Give o(-3).
35
Let u(y) = 3*y - 7. What is u(1)?
-4
Let f(l) = -5*l**2 + 17*l - 2. What is f(3)?
4
Let n(x) = 6*x**3 - 2*x**2 - 3*x + 4. Calculate n(2).
38
Let m(k) = 2*k**3 - 23*k**2 + 11*k - 1. Determine m(11).
-1
Let p(w) = 3*w**2 + 4*w + 5. Give p(-4).
37
Let x(b) = -b**3 + 10*b**2 + 39*b - 1. What is x(-3)?
-1
Let a(n) = -29*n. Determine a(1).
-29
Let k(s) = 9*s + 177. Give k(-19).
6
Let o(f) = 18*f + 213. Calculate o(-12).
-3
Let p(n) = n**3 + 3*n**2 - 4*n + 6. What is p(2)?
18
Let s(h) = -h**2 - 2*h - 2. Calculate s(3).
-17
Let o(u) = u**3 - 9*u**2 + 11*u + 15. Calculate o(7).
-6
Let c(p) = p**3 - 9*p**2 + 3*p - 7. What is c(9)?
20
Let s(p) = -p**3 + 23*p**2 + 76*p + 54. Determine s(26).
2
Let n(q) = 14*q + 55. Give n(-4).
-1
Let v(w) = 4*w - 3. Calculate v(-2).
-11
Let t(p) = -2*p - 24. Determine t(-14).
4
Let x(q) = q**3 + 2*q**2 + q + 8. What is x(-3)?
-4
Let r(o) = -o**3 + o**2 - o - 1. What is r(2)?
-7
Let l(b) = -9*b - 49. Calculate l(-6).
5
Let w(b) = -3*b - 19. What is w(18)?
-73
Let c(k) = -k**3 - 11*k**2 + 9*k - 17. What is c(-12)?
19
Let d(j) = -j**2 + 8*j - 3. What is d(3)?
12
Let g(r) = 105*r + 420. Calculate g(-4).
0
Let y(a) = -13*a. What is y(-2)?
26
Let j(c) = -c**3 + 5*c**2 - 7*c. What is j(5)?
-35
Let u(j) = j**3 + 9*j**2 + 3*j + 22. Calculate u(-9).
-5
Let t(o) = -2*o**3 + o**2 + 3*o + 3. Give t(-1).
3
Let i(h) = h**2 + 17*h - 48. Give i(-20).
12
Let w(l) = -l**2 + 3*l + 8. What is w(-3)?
-10
Let a(p) = 2*p**3 + 100*p**2 - 3*p - 156. Determine a(-50).
-6
Let i(y) = y**3 + 11*y**2 - 11*y + 19. Calculate i(-12).
7
Let d(g) = -34*g**2. Give d(1).
-34
Let q(x) = -x**3 + 8*x**2 - 8*x - 1. What is q(6)?
23
Let s(q) = q**3 + 8*q**2 - 23*q - 16. Determine s(-10).
14
Let y(c) = -48*c - 960. Calculate y(-20).
0
Let c(w) = -8*w**3 + w**2 + w - 2. Determine c(1).
-8
Let n(m) = 3*m**3 - 2*m**2 + 2*m - 1. Give n(1).
2
Let o(h) = h**3 - 7*h**2 - 5*h - 27. Calculate o(8).
-3
Let t(s) = 198*s - 204. What is t(1)?
-6
Let c(l) = l**3 - 8*l**2 + 5*l + 3. Calculate c(4).
-41
Let i(f) = -f + 10. Calculate i(9).
1
Let c(q) = -q**2 + 29*q - 194. Give c(19).
-4
Let n(v) = -7*v**3 + 2*v. Give n(2).
-52
Let m(s) = -2*s + 2. Calculate m(3).
-4
Let x(a) = 6*a**3 + 3*a**2 - 3*a - 5. What is x(-3)?
-131
Let i(f) = f**3 - 16*f**2 + 52*f + 21. Determine i(11).
-12
Let h(m) = -2*m**3 - 2*m**2 - 4. Calculate h(-2).
4
Let i(v) = v**2 + 2*v + 33. Determine i(0).
33
Let z(w) = -3*w**2 + 72*w + 5. Give z(24).
5
Let w(k) = k**3 - 14*k**2 - 13*k - 25. Determine w(15).
5
Let u(p) = -p - 9. What is u(-5)?
-4
Let g(s) = -s**3 - 7*s**2 - 7*s - 2. Give g(-7).
47
Let a(q) = -q**2 + 23. Determine a(0).
23
Let c(r) = r**2 + r - 2. Determine c(2).
4
Let a(x) = 2*x**2 - 22*x - 31. Calculate a(12).
-7
Let u(l) = -l**2 - 7*l + 12. Give u(-9).
-6
Let b(n) = -n**2 + 10*n + 18. Calculate b(0).
18
Let y(h) = -12*h + 21. Determine y(3).
-15
Let z(n) = -n**2 + 4*n - 13. Give z(0).
-13
Let u(s) = 11*s + 20. Calculate u(-2).
-2
Let g(q) = 3*q - 18. Calculate g(6).
0
Let o(r) = -r**2 - 10*r + 6. Give o(-11).
-5
Let o(f) = f**3 + 9*f**2 + 4*f + 11. What is o(-9)?
-25
Let g(h) = 10*h - 1. Determine g(1).
9
Let r(z) = z**3 + 8*z**2 - z - 6. Calculate r(-6).
72
Let b(y) = 18*y - 39. Give b(3).
15
Let c(g) = 9*g - 8. Calculate c(-1).
-17
Let p(c) = -c**2 + 19*c - 20. Calculate p(18).
-2
Let v(g) = -2*g + 5. Calculate v(5).
-5
Let w(h) = 2*h + 9. What is w(-5)?
-1
Let v(g) = 3*g**3 + 3*g**2 + g + 2. Determine v(-2).
-12
Let t(m) = m - 10. Give t(-9).
-19
Let j(z) = -5*z**2 - 165*z - 10. Determine j(-33).
-10
Let p(w) = -2*w**2 + 5*w + 20. What is p(-7)?
-113
Let v(f) = -7*f**3 + 4*f**2 - 3*f - 1. Calculate v(1).
-7
Let d(z) = -z**3 + 6*z**2 - 6*z + 2. Determine d(4).
10
Let x(b) = b + 11. Determine x(-11).
0
Let t(r) = r**3 + 10*r**2 + 22*r - 17. Calculate t(-5).
-2
Let x(y) = y**3 + 6*y**2 + 7*y + 3. Give x(-5).
-7
Let r(o) = o - 1. Determine r(-12).
-13
Let z(m) = 13*m + 129. Determine z(-11).
-14
Let u(x) = 12*x - 2. Calculate u(-2).
-26
Let r(o) = 2*o**2 - 51*o + 26. What is r(25)?
1
Let x(t) = 41*t - 63. What is x(2)?
19
Let w(o) = -o**3 - 8*o**2 + 14*o + 40. Determine w(-9).
-5
Let p(f) = 4*f - 8. Determine p(7).
20
Let o(w) = -w**2 + 10*w - 6. Calculate o(11).
-17
Let z(g) = -g**2 - 16*g + 60. Determine z(3).
3
Let w(g) = -12*g - 379. What is w(-32)?
5
Let d(u) = -3*u + 24. Give d(14).
-18
Let q(c) = -c**2 + 31*c + 54. Give q(33).
-12
Let c(d) = -d**3 + 34*d**2 - 66*d + 58. Determine c(32).
-6
Let o(a) = 2*a**2 - 25*a - 18. Give o(9).
-81
Let o(y) = -2*y**2 - 14*y - 15. Calculate o(-7).
-15
Let l(n) = -6*n - 5. Give l(-7).
37
Let o(d) = -32*d - 540. Calculate o(-17).
4
Let l(o) = -2*o**3 + 35*o**2 - 16*o - 23. Calculate l(17).
-6
Let b(t) = 100*t - 7. What is b(1)?
93
Let r(d) = -20*d**3 + 2*d**2 - d. Calculate r(1).
-19
Let c(f) = -6*f - 25. Determine c(-3).
-7
Let z(c) = -c - 11. Determine z(-22).
11
Let z(j) = -j**3 + 5*j**2 + 3*j + 16. What is z(6)?
-2
Let j(m) = -m**3 + 11*m**2 + 12*m + 1. What is j(12)?
1
Let n(s) = 24*s - 6. Give n(2).
42
Let c(p) = 10*p + 4. What is c(-2)?
-16
Let t(p) = -p**3 - 12*p**2 + 14*p - 1. What is t(-13)?
-14
Let w(p) = -7*p - 114. Calculate w(-16).
-2
Let z(a) = -15*a + 25. Calculate z(4).
-35
Let c(b) = 31*b